404)/16. Suppose -w - 5*q = -949, 2*w = 2*q - v + 2072. Is w composite?
True
Let v(f) be the first derivative of -f**4/4 - 5*f**3/3 - 3*f**2/2 + 4*f - 3. Is v(-5) a prime number?
True
Suppose 3*x - 485 = -2*x. Is x composite?
False
Let u be (1105/2)/((-3)/(-6)). Suppose -4*k - 3*t = k - u, -4*t + 663 = 3*k. Is k prime?
False
Let d(q) = -q**3 + q. Let g be d(-2). Is (-726)/(-15) - g/(-10) a prime number?
False
Suppose 2*n - 362 = -a - 55, 4*n - 1236 = -4*a. Let u = a - 150. Is u prime?
False
Suppose m = 4*w - 2*m + 4, -5*w = -2*m - 2. Let u be ((-1)/w)/((-2)/1060). Suppose -2*b + u = 3*b. Is b a prime number?
True
Suppose 4*h = 1856 - 332. Is h a composite number?
True
Let d be 4/2 + (-1 - -4). Suppose 0 = -d*c - 3*o + 120, c + 37 = 3*c - o. Is c a composite number?
True
Let v = -1 + 2. Is 4/2 + 17/v prime?
True
Is (1/(-3))/((-3)/9783) a composite number?
False
Let y(h) = 6521*h**2 - 3*h + 3. Is y(1) composite?
False
Is ((-55)/2)/(3/(-6)) a composite number?
True
Is 1 - (-11 + 35)*18/(-8) prime?
False
Let b be (-3)/(-2)*10/15. Let n(f) = -180*f**2 + 2. Let h(i) = 90*i**2 - 1. Let s(v) = 7*h(v) + 3*n(v). Is s(b) a prime number?
True
Let u(a) = -12*a - 41. Is u(-10) a composite number?
False
Suppose -3*x + 376 + 608 = 0. Let m = x + -138. Suppose 3*q = -5*y - 2*q + 160, 5*y - q - m = 0. Is y a composite number?
False
Let a(r) be the first derivative of 557*r**2/2 - 4. Is a(1) prime?
True
Let f = -230 + 441. Is f composite?
False
Let t be 5/(-6) - (-4)/(-24). Let l = t - -4. Suppose l*q = 2*q - 5*y + 43, 4*q - y = 214. Is q composite?
False
Suppose 3*t + 105 = -2*t. Suppose j - 2*a - 58 = -4, a - 133 = -2*j. Let b = t + j. Is b prime?
True
Let s be 482/10 + 7/(-35). Is s/9 - 4/(-6) a prime number?
False
Suppose 10 = i - 1. Is i composite?
False
Suppose -4*f - 2*m - m = -1219, -2*f = 3*m - 605. Is f prime?
True
Let r(k) = -5*k**2 + 3*k + 5. Let u(f) = -6*f**2 + 4*f + 5. Let a(s) = -5*r(s) + 4*u(s). Suppose 5*b - 5*c = 0, -2*c + 5 - 13 = 0. Is a(b) prime?
True
Suppose 5*y - 10 - 10 = 0. Suppose -y*x = 4*j - j - 438, 5*x + 2*j - 551 = 0. Is x composite?
True
Let g(o) = -20*o**3 + 7*o + 12. Is g(-5) prime?
True
Let b = 114 - 17. Is b a composite number?
False
Suppose 15*l = 14*l + 1499. Is l prime?
True
Let s(v) = -v**3 - 2*v**2 + 2*v. Let c be s(-3). Suppose y - 748 = -c*y. Is y a prime number?
False
Let d = 749 + -490. Is d prime?
False
Let g = 21 - 11. Suppose -m = -6*m + g, -4*m + 11 = z. Is z a prime number?
True
Let v(c) be the third derivative of 3*c**6/10 - c**5/30 + c**4/24 - 2*c**2. Let d be 1*(-1)/1 - -2. Is v(d) a composite number?
True
Suppose -122 = 3*o - 4*g + 826, -6 = -2*g. Let z = o - -569. Is z composite?
False
Suppose 6*z + 21 - 3 = 0. Suppose g = 3*g + 2. Is g/z - (-892)/6 a prime number?
True
Let l be -1*8*(0 - 16). Let n = l - -17. Is n a composite number?
True
Suppose -3*b + 3*z + 5876 = 2237, -4*b - z + 4852 = 0. Is b composite?
False
Is ((-6)/10)/((-2)/(-10)) + 634 a prime number?
True
Let w(y) = 27*y + 10. Let o(v) = 13*v + 5. Let g(i) = 7*o(i) - 3*w(i). Is g(6) a prime number?
False
Suppose -4*u = -96 - 1076. Is u prime?
True
Suppose 3*c = -c + 8. Suppose -n - 3 = c*n. Let l = n - -7. Is l prime?
False
Let t(o) = -o**2 + 4*o. Let l be t(3). Suppose -7*f + 89 = l*d - 2*f, -d + f = -19. Is d prime?
True
Let i be 2/(-6) + (-3)/(-9). Suppose -4*c + i*c = 0. Suppose -2*u = -c*u - 170. Is u prime?
False
Let t(b) be the first derivative of 5*b**2 - 2*b - 1. Let p = -12 - -18. Is t(p) composite?
True
Suppose -4*r = -2*b - 156, 0 = -3*b - b + 2*r - 294. Let t = 127 + b. Is t a composite number?
True
Suppose 4*v - 3*v = 89. Is v composite?
False
Suppose 2*x - 3*y - 10 = 0, 3*x + 4 = -y - 3. Is 109 - (3 + 5/x) prime?
False
Is 890 + 4 + -6 - 2 composite?
True
Let r(j) = j + 6. Let f be r(-15). Let c(i) = -i**3 - 9*i**2 - 6*i + 13. Is c(f) composite?
False
Suppose -2*f + 20 = 4*i, -2*f = 2*i - 0*f - 14. Let w be i + 114 + (-2)/2. Suppose -4*k - w = -856. Is k a composite number?
True
Suppose -a - b = -0*b + 2, -2*b - 6 = a. Suppose -342 = -a*z - 88. Is z a composite number?
False
Suppose -9*f + 14090 = f. Is f composite?
False
Let f be 31*(-1)/(3/(-18)). Let c = -107 + f. Is c prime?
True
Is 112 + (2 + -11)/(-3) composite?
True
Suppose -4*f + 696 = -3*f. Suppose 0 = -3*x + 9, -2*t = t + x - f. Suppose -3*c + t = -0*c. Is c prime?
False
Let l = 15 - 21. Let d(q) = -5*q. Let j be d(l). Suppose 2*v - b - j = -0*b, -4*v = 3*b - 60. Is v a prime number?
False
Suppose -2*f + 4*f = 0. Is 1 + -2 - (-114 - f) composite?
False
Suppose 5*a - 3*q = 404, -4*a - 2*q = -483 + 173. Is a composite?
False
Suppose 0 = 7*p - 3*p - 8. Suppose -2*t - p*s + 508 = s, 3*s + 1249 = 5*t. Is t/2 - (-6)/4 composite?
False
Suppose 3*o - 7 = -1. Is o/(3484/3476 + -1) composite?
True
Let k be 14/(-3 - (-104)/35). Let p = k + 752. Is p a prime number?
False
Let o be (-3)/(-3) + 2 + -1. Suppose -c + x + 219 = o*x, 2*c = -3*x + 442. Is c composite?
True
Let l = 281 + 100. Is l a prime number?
False
Let c(v) = v + 3. Let h be c(0). Suppose -3*z - 10 - 6 = -k, -h = -3*k. Let p = 5 - z. Is p a composite number?
True
Let c be 105/4 + (-3)/(-4). Is (18/c)/((-4)/(-2994)) prime?
True
Suppose 2339 - 10024 = -5*c. Is c a prime number?
False
Let g(n) = 23*n + 23. Is g(16) prime?
False
Suppose -2*o + 13 = -o - 2*d, 2*o + 5*d = -10. Suppose 664 = o*j - 391. Is j prime?
True
Let k(u) = -2 + 2 - 5 - 5 + 4*u. Is k(9) prime?
False
Let s = -3 + 4. Let r be 2 + (s - 6)*-1. Let q = 26 - r. Is q composite?
False
Let f(p) = -p**3 + 5*p**2 - 2*p + 2. Let d be 6 + (1 - (4 + -2)). Suppose -d*h + 6 = -3*h. Is f(h) composite?
True
Let v(z) = -z**3 - 6*z**2 + 13*z - 8. Let h(s) = -s**3 - 6*s**2 + 14*s - 9. Let u(o) = 6*h(o) - 7*v(o). Let w be u(-7). Suppose w*y = 29 + 41. Is y prime?
False
Let w(b) = -71*b**3 - b**2. Let m be w(-1). Suppose m = 4*o - 54. Is o composite?
False
Let b(r) = -r + 4. Let q be b(4). Suppose 2*s - s - 4 = q. Suppose l + 4*l - 773 = -3*p, 0 = -5*l - s*p + 769. Is l a composite number?
False
Let n(m) = -m**3 + 6*m**2 - m + 6. Let r be n(6). Suppose -2*o - 10 = r, 3*f + o = 5*o + 161. Is f a composite number?
False
Is (22*(-3 - -1))/(-2) a prime number?
False
Let q = 11 - 6. Suppose q*w - 15 = 2*w. Suppose w*s - 4*x = 151, -2*s + 2*x + 63 = 3*x. Is s a prime number?
True
Is (-1070)/6*(-5)/(25/15) a composite number?
True
Let m(r) = r - 9. Let s be m(9). Suppose -f = j - 0*f - 55, -j + 2*f + 55 = s. Is j a composite number?
True
Suppose 372 = -3*n - 4*u, 0*n + 4*u + 124 = -n. Let p = 3 - n. Is p composite?
False
Let b = 30 - -32. Is b a prime number?
False
Let h(s) = -76*s**2 - s. Let o be h(-1). Let c = o + 106. Is c a composite number?
False
Let v(t) = 5*t - 7. Let g be v(5). Suppose 6 = -2*f + g. Let b = f - -4. Is b composite?
True
Is 27/6*(-674)/(-3) composite?
True
Let v = -209 + 322. Is v a composite number?
False
Let l = 8 + -5. Suppose 3*a = -o + 8, l*a + 2*o + 0 = 10. Suppose a*q - 33 = -2*t + 215, -2*q + t + 233 = 0. Is q a composite number?
True
Let n(b) = -b + 11. Let l be n(9). Is (-6221)/(-7) - l/(-7) a composite number?
True
Let s be 2 + -448 - (5 + -1). Let j = -289 - s. Is j a composite number?
True
Let z be (-4)/(-14) + (-163)/7. Suppose -42 = -u - 0*u. Let r = u + z. Is r a composite number?
False
Let z(h) = h**2 + 11*h - 5. Is z(-14) composite?
False
Let h(l) = -14*l - 4. Let c(o) = o. Let k be c(2). Suppose 0 = -k*x + u - 9, 2*u + 1 + 9 = 0. Is h(x) a composite number?
True
Let u(v) be the first derivative of v**5/20 + 3*v**4/4 + 7*v**3/6 + 3*v**2 - 2*v - 1. Let s(o) be the first derivative of u(o). Is s(-7) a prime number?
False
Let u = 6 + -6. Let n be -2*(u - (-66)/(-3)). Is ((-2*n)/(-2))/2 a prime number?
False
Suppose -y + 4*y - 1848 = 0. Suppose -2*r = -3*p + 430 + y, -2*p + 679 = -5*r. Suppose 3*l + l + 3*w = p, 2*l = -5*w + 190. Is l prime?
False
Let q be (-108)/(-20) - 2/5. Let z = q - 3. Is z*(7/2 + 1) composite?
True
Let x = 152 + -18. Is x a prime number?
False
Is (-7953)/(-5) + (-14)/(-35) prime?
False
Let z be (-2)/6 + 28/(-6). Let g = z + 0. Is g/10*1*-254 a prime number?
True
Let s(f) = -10*f - 3. Suppose 4 = x + 4*n, -13 + 6 = -x - 5*n. Is s(x) a composite number?
True
Let v(g) = 76*g + 3. Is v(14) composite?
True
Suppose 5*q - 5180